common factor of 23959 and 1115777?
13
What is the highest common factor of 417 and 7723118?
139
Calculate the greatest common factor of 9803432 and 117608.
488
Calculate the highest common factor of 3754495 and 190.
95
Calculate the highest common factor of 32314467 and 102.
51
Calculate the greatest common divisor of 8829405 and 1365.
195
What is the highest common divisor of 1001 and 3588481?
13
Calculate the greatest common divisor of 4656 and 29169258.
582
What is the greatest common divisor of 638 and 7096606?
22
What is the greatest common factor of 31436609 and 3?
1
What is the highest common divisor of 25235 and 17307605?
3605
Calculate the highest common factor of 309948 and 4416.
276
Calculate the greatest common factor of 31399956 and 2544.
636
Calculate the greatest common factor of 180828530 and 40.
10
Calculate the highest common divisor of 4586025 and 675.
75
Calculate the highest common factor of 100293638 and 244.
122
What is the greatest common factor of 328303922 and 9276?
1546
Calculate the highest common divisor of 1760 and 29322480.
880
What is the greatest common factor of 130 and 11994710?
130
What is the greatest common factor of 1001184122 and 124?
62
Calculate the greatest common factor of 390500 and 15265.
355
What is the greatest common factor of 11438 and 3996118?
266
Calculate the greatest common divisor of 206216 and 1504408.
1384
What is the highest common divisor of 373392 and 1152?
144
What is the greatest common divisor of 428 and 4113722?
214
Calculate the highest common divisor of 42837490 and 592.
74
What is the greatest common divisor of 4555750 and 8000?
250
What is the greatest common factor of 7466907 and 15351?
903
Calculate the greatest common factor of 318149507 and 91.
13
Calculate the greatest common factor of 2485162 and 9367.
323
What is the greatest common factor of 323239 and 34822?
757
What is the greatest common factor of 21341640 and 14880?
3720
Calculate the greatest common factor of 1807 and 859313.
13
What is the highest common factor of 40 and 13195060?
20
What is the greatest common factor of 2707058 and 732?
122
Calculate the greatest common divisor of 379826416 and 2185.
437
What is the greatest common divisor of 52657 and 5819?
11
Calculate the highest common divisor of 4075765 and 2757.
919
What is the greatest common factor of 97512594 and 1518?
138
What is the highest common factor of 3037401 and 27?
9
Calculate the greatest common divisor of 97460 and 6138.
22
What is the highest common divisor of 181534 and 82278?
1306
What is the highest common factor of 373963668 and 156?
156
Calculate the highest common factor of 223704 and 4604184.
936
Calculate the greatest common factor of 274312782 and 714.
102
Calculate the highest common factor of 2438 and 4469502508.
2438
Calculate the highest common factor of 68686 and 98942.
122
Calculate the greatest common factor of 50 and 2738167150.
50
What is the highest common divisor of 9284003 and 259?
37
What is the greatest common factor of 651 and 7734097?
217
What is the highest common factor of 13888 and 744496?
496
What is the greatest common divisor of 760 and 2658440?
40
What is the greatest common divisor of 24859899 and 27675?
1107
What is the highest common divisor of 72897125 and 7?
7
Calculate the greatest common factor of 924 and 41077652.
308
What is the greatest common factor of 2190 and 1816240?
730
Calculate the greatest common factor of 6614861 and 22529.
1733
What is the highest common divisor of 12170 and 4630?
10
Calculate the greatest common divisor of 3723519 and 39.
3
Calculate the greatest common factor of 1760030 and 5110.
730
What is the greatest common divisor of 212505 and 195?
15
Calculate the highest common divisor of 9734 and 52850753.
4867
Calculate the highest common factor of 85117 and 28529.
47
What is the highest common divisor of 1132 and 266964088?
1132
What is the greatest common divisor of 11400 and 774126120?
2280
Calculate the greatest common divisor of 88 and 112500872.
88
Calculate the greatest common factor of 239580 and 26496.
36
What is the highest common divisor of 39221541 and 2313?
2313
Calculate the greatest common divisor of 121733250 and 750.
750
Calculate the highest common divisor of 80 and 8441480.
40
What is the greatest common factor of 1170 and 18657210?
390
What is the highest common divisor of 369 and 309843?
9
Calculate the greatest common divisor of 77319695 and 16895.
545
What is the highest common factor of 1312080262 and 7330?
1466
What is the highest common factor of 8346 and 732342?
78
Calculate the greatest common factor of 54 and 125920683.
27
What is the highest common factor of 51732 and 9635564?
1916
Calculate the greatest common divisor of 1174873 and 2891.
49
What is the greatest common divisor of 5 and 426905?
5
Calculate the greatest common divisor of 43840 and 1192722.
274
Calculate the greatest common factor of 236775 and 7925.
25
Calculate the greatest common factor of 262 and 58004966.
262
Calculate the greatest common divisor of 116 and 1170317910.
58
What is the highest common factor of 75001 and 1443874?
419
What is the greatest common factor of 2661028 and 280988?
796
Calculate the greatest common factor of 55724 and 3748.
4
Calculate the highest common factor of 42254820 and 180.
180
What is the greatest common factor of 167930528 and 24?
8
Calculate the highest common divisor of 32 and 56952352.
32
Calculate the greatest common factor of 221 and 1460383912.
221
Calculate the greatest common factor of 4773753 and 25113.
2283
What is the greatest common factor of 2471712 and 1440?
96
What is the greatest common divisor of 6197769 and 108?
27
Calculate the greatest common divisor of 2732 and 10339937.
683
What is the highest common divisor of 146640125 and 50?
25
Calculate the greatest common divisor of 1414227 and 75981.
2451
Calculate the highest common divisor of 25741539 and 2979.
2979
What is the highest common divisor of 13421332 and 387?
43
What is the greatest common divisor of 1820 and 13774810?
70
What is the highest common divisor of 80633040 and 7344?
816
Calculate the highest common divisor of 235815704 and 986.
986
Calculate the highest common divisor of 15849 and 5480819.
587
What is the highest common divisor of 643913 and 40673?
457
Calculate the greatest common divisor of 273 and 158405.
13
Calculate the greatest common divisor of 312 and 5494476.
156
Calculate the highest common divisor of 803231 and 561.
11
What is the greatest common factor of 3881746 and 8245?
1649
Calculate the highest common factor of 345588 and 7161.
93
Calculate the greatest common factor of 390 and 1564.
2
What is the greatest common divisor of 1212 and 23127384?
1212
What is the greatest common divisor of 502571 and 3515?
37
What is the highest common factor of 229774 and 12346406?
1754
What is the highest common factor of 1008 and 385332696?
504
Calculate the greatest common factor of 9295002 and 2538.
846
Calculate the highest common factor of 4857866 and 52.
26
Calculate the greatest common divisor of 59346201 and 51.
51
Calculate the greatest common divisor of 6 and 80922354.
6
What is the greatest common divisor of 1726830996 and 66?
66
What is the greatest common factor of 16031 and 2052665?
697
Calculate the highest common divisor of 6211942 and 1865.
373
Calculate the greatest common factor of 869 and 1071319.
79
Calculate the greatest common divisor of 619808670 and 2730.
390
Calculate the greatest common divisor of 86 and 2528984.
2
What is the highest common divisor of 8664 and 26184?
24
Calculate the highest common divisor of 204 and 33815907.
51
Calculate the highest common factor of 6720 and 45420.
60
Calculate the highest common divisor of 64126 and 13174.
2
What is the greatest common factor of 39225 and 1645881?
1569
What is the highest common factor of 559 and 24064391?
559
What is the greatest common factor of 128 and 162578?
2
What is the highest common factor of 5312233438 and 9929?
9929
What is the highest common factor of 1408 and 73148?
4
What is the highest common factor of 6575 and 105795169?
263
Calculate the greatest common factor of 358 and 57532927.
179
What is the greatest common divisor of 7005 and 42270?
15
Calculate the gr